t the prime factors of i.
13
Let c be ((-63)/14)/(1/12). Let h be (-2)/2 - (3 + c). Let w = 76 - h. What are the prime factors of w?
2, 13
Let k = -133 - -64. Let v = -60 - k. What are the prime factors of v?
3
Suppose 0 = -3*r - c + 19, -4*r + 26 = 6*c - 5*c. Suppose r*q = 3*q + 116. List the prime factors of q.
29
Let j = 212 + -14. List the prime factors of j.
2, 3, 11
Suppose -h = 2, 3*p - 22 - 1 = -5*h. Let o = p - 8. Let l(d) = -d**3 + 5*d**2 - 3*d - 3. List the prime factors of l(o).
2, 3
Let q(k) be the second derivative of 5*k + 5/2*k**4 - 1/6*k**3 + 0 - k**2. What are the prime factors of q(-1)?
29
Suppose -2*v = 10, 0 = -4*x - 4*v + 8*v + 4628. What are the prime factors of x?
2, 3
Suppose 3330 = 2*n - 3*k, 4*n - 5*n + 4*k = -1655. List the prime factors of n.
3, 557
Suppose -299 - 2165 = -28*o. List the prime factors of o.
2, 11
Suppose 11 = 4*l - 2*a - a, -a = 1. Suppose 8*r + 30 = 2*t + 4*r, 5*r = -l*t + 3. What are the prime factors of t?
3
Let m = 73 - 78. List the prime factors of ((-17)/(-2))/(m/(-10)).
17
Suppose 13*o - 5*x + x = 74021, -2*o + 11380 = 2*x. List the prime factors of o.
5693
Let k(a) be the third derivative of a**6/120 + a**5/6 + 11*a**4/24 + 4*a**3/3 - 6*a**2. Let o be k(-9). What are the prime factors of (-6)/9*195/o?
13
Let o(n) = -n**2 + 15*n - 18. Let l be o(13). Let i = l + -6. Suppose -3*x + 118 = -2*f, -i*x + 23 = 4*f - 29. List the prime factors of x.
2, 3
Suppose 7*c + 8 = 9*c. Suppose -4*i = 16 + c, -31 = -4*u + 3*i. What are the prime factors of 57 - (u - -12)/4?
53
Suppose 5*f - 5*r + 5 = 0, 4*f + 18 = f - 2*r. Let d = 7 + f. Suppose -d*a + 35 = -4. What are the prime factors of a?
13
Let q(s) = 4*s + 80. Let x(r) = -r**3 - 4*r**2 + 9*r + 5. Let c be x(-6). List the prime factors of q(c).
2, 43
Let f(j) be the second derivative of -j**3/6 + 5*j**2 - 2*j. Let a(p) = 3*p**2 - p - 2. Let s be a(2). List the prime factors of f(s).
2
Let u be (-2*2/4)/(-1). Suppose -5*s + l - u = -3*s, s - 17 = -3*l. Suppose s*k - 31 = -11. What are the prime factors of k?
2, 5
Let c = 1487 - 344. What are the prime factors of c?
3, 127
What are the prime factors of 147240/300*30/4?
3, 409
Let t = 11838 + -7914. Suppose 3*l + t = -l. What are the prime factors of l/(-36) + (-1)/4?
3
Let s = 1972 + -877. What are the prime factors of s?
3, 5, 73
Suppose -219 = -x - 4*h, -3*h - 800 = 2*x - 6*x. Suppose -5*k - 2*k = -x. List the prime factors of k.
29
Let y be 3/((-6)/(-1010)) + (-1)/(-1). Suppose 3*g + 1 = -5, y = 4*v - 5*g. List the prime factors of v.
2, 31
Let a be (-296)/(-40) + (-6)/15. Suppose 9 = 3*v, -a*s - 5*v = -4*s - 183. What are the prime factors of s?
2, 7
Suppose w + 155 = d + 6*w, 0 = -4*d + 4*w + 596. Suppose 242 = 8*o - d. What are the prime factors of o?
7
Let v = -155 + 186. What are the prime factors of v?
31
Suppose -5*i - 1 = -21. Suppose 2*l - 128 = -4*t - 2*l, -2*t = i*l - 56. List the prime factors of t.
2, 3
Let k = 20 + 58. Suppose 0 = 5*d - k - 152. What are the prime factors of d?
2, 23
Suppose 0 = -4*m + f + 56, 2*f + f + 18 = 2*m. Let c = m + -4. What are the prime factors of c?
11
Suppose 0*x + 7*x = 399. Let p = 95 - x. What are the prime factors of p?
2, 19
Suppose -g - 122 = -4*u - 1250, -5704 = -5*g + 4*u. List the prime factors of g.
2, 11, 13
Suppose -l = -2*l + 126. Let m = l + -120. List the prime factors of m.
2, 3
Suppose -2 = -3*z + 7. Suppose -y - 117 = -z*t + 140, 2*t - 3*y = 169. Let m = 120 - t. What are the prime factors of m?
2, 17
Suppose -16 = -5*x + 3*b, 2*x + 5*b - b + 4 = 0. Let r be x/((-2)/(-30)*-3). List the prime factors of r*(-4)/(-20)*-3.
2, 3
Let i(k) = 17*k**2 - 3*k + 5. Let y be i(2). Let p = -22 + y. Let l = -31 + p. What are the prime factors of l?
2, 7
Suppose v + 899 = y, 5*y + v - 5334 + 839 = 0. List the prime factors of y.
29, 31
Suppose -5*r = -2*q - 1788, q + 191 = r - 697. What are the prime factors of (q/(-65))/((-1)/(-5))?
2, 17
Suppose 2568 = 86*v - 78*v. List the prime factors of v.
3, 107
Suppose -3*k = p + 52, -k = 3 - 4. Let g = -26 - p. What are the prime factors of g?
29
Suppose 0 = -x + 1 - 0, -722 = -5*s + 3*x. Suppose -s - 310 = -5*f. List the prime factors of f.
7, 13
Let x(z) = -3*z + 8. Suppose o = 4*o + 24. What are the prime factors of x(o)?
2
Let f(o) = o**3 + 6*o**2 + 9*o. Let p be f(-4). Suppose -n + 50 = 8. Let h = n + p. What are the prime factors of h?
2, 19
Suppose 7*g = 5*g + 6. List the prime factors of (g/(48/(-188)))/((-1)/4).
47
Let l(k) = k**3 - 11*k**2 + k + 1. Let b = 45 - 34. List the prime factors of l(b).
2, 3
Suppose 22 + 48 = 2*v + i, 0 = -v - 2*i + 35. Suppose -v = -u - 2*s, -5*s + 165 = 6*u - u. What are the prime factors of u?
31
Let f(b) = b**3 + 24*b**2 - 16*b - 52. What are the prime factors of f(-12)?
2, 467
Let w(p) = p - 3. Let t be w(8). Suppose -c - t*z = 12 + 17, -59 = 4*c + z. Let i = c - -22. What are the prime factors of i?
2
Let n = 23 + -17. Suppose -4*m - 22 - n = 0. Let y = m - -63. What are the prime factors of y?
2, 7
Suppose 2*y + 4*c - 50 = 0, -7*c + 2*c + 71 = 3*y. Let t be y - 0/(2 + 2). Suppose -2*a + 123 = t. List the prime factors of a.
53
Suppose -1120 = -7*g + 644. What are the prime factors of g?
2, 3, 7
Let c(m) = -m**2 + 35*m - 29. Let t = -94 - -119. List the prime factors of c(t).
13, 17
What are the prime factors of (-1920)/(-25) - 13/(-65)?
7, 11
Suppose 4*d = 5*o + 1 - 0, -4*o + 16 = d. Suppose 4*i = -o*y - 16, 2*i + 2*i = -y - 16. What are the prime factors of (-25)/i + (-2)/8?
2, 3
Let r(w) = -56*w - 116. What are the prime factors of r(-13)?
2, 3, 17
Suppose 8*g - 2*g = -258. Let p = -10 - g. List the prime factors of p.
3, 11
Let n(r) = 3*r**3 - 4*r**2 + 9*r - 20. List the prime factors of n(5).
2, 3, 5
Suppose -6110 = 3*m - 13*m. What are the prime factors of m?
13, 47
Suppose -9 + 44 = 5*k. Suppose 2*d = k*d - 25. Suppose 2*t - d*g - 31 = 0, 0*t - 58 = -3*t - 4*g. List the prime factors of t.
2, 3
Let l = -15 - -658. List the prime factors of l.
643
Let k be (-44)/(-10) + (-4)/10. Suppose n = k*q - 14, 9*q - 13 = 4*q - n. What are the prime factors of (11 - q)/(4/22)?
2, 11
Let a be 1122/34 + 1/(-1). Let d = -35 - -108. Suppose 0 = -5*z + d + a. What are the prime factors of z?
3, 7
Let x = -1409 + 3898. List the prime factors of x.
19, 131
Suppose 0 = -2*w - 4*w. Let k = w - -3. Suppose -2*y - 4 = 0, -k*v + 2*v = y. List the prime factors of v.
2
Let u(q) = -4*q**3 + 70*q**2 - 33*q + 24. List the prime factors of u(16).
2, 3, 43
Suppose 0*b = 8*b + 64. What are the prime factors of (2/b)/(7/(-3836))?
137
Let c be (-2 - -2) + (-6)/(-1). Let k = c - 6. Suppose 2*a + b - 56 = 0, k = 5*b - 4 + 14. List the prime factors of a.
29
Suppose 5 - 1 = -3*a - 5*r, -2*a + 2*r = -24. Let v(o) = 2*o**3 - 7*o**2 - 3*o + 1. Let f be v(4). Suppose -g + f = -a. List the prime factors of g.
2, 3
Let j = 21 + -29. What are the prime factors of j/(-12) + 452/6?
2, 19
Let z be 5 + (-1 - -2 - 4). Suppose 114 = p + z*p. List the prime factors of p.
2, 19
Let b be ((-126)/45)/((-4)/10). Let r be ((-77)/b)/(2/(-4)). Suppose 6 + r = 4*h. List the prime factors of h.
7
Let y(f) = 26*f - 1. Let d be y(2). Suppose 3*j = -0*j + d. What are the prime factors of j?
17
Let c(h) = 49*h - 51. What are the prime factors of c(18)?
3, 277
Let n = 2838 + 1374. What are the prime factors of n?
2, 3, 13
Suppose -2*k + 0*r = 3*r - 3641, 0 = 5*k - 5*r - 9040. List the prime factors of k.
7, 37
Let j = 33 + -46. What are the prime factors of j/((-39)/252) - -2?
2, 43
Suppose -5*y = -5*t + 401 - 7341, -2*t + 6926 = 5*y. List the prime factors of y.
2, 3, 7, 11
Let n be (-7714)/28*(0 - (2 + -4)). Let r = n + 790. List the prime factors of r.
239
Suppose -5*b - 5*o = -295, 8*b - 3*b - 283 = -2*o. Suppose -52*t = -b*t + 261. What are the prime factors of t?
3, 29
Let l = -5 - -7. Let k be 52 - l - (-1 - -1). Let t = k - 22. What are the prime factors of t?
2, 7
Let a be (-27 - 0) + -9 + 11. Suppose 2*g = -2*n + 3*g - 66, 4*g + 51 = -n. Let i = a - n. List the prime factors of i.
2, 5
Let r(a) = 133*a**3 - a**2 + 2*a - 2. Suppose -5 - 1 = -6*s. What are the prime factors of r(s)?
2, 3, 11
Let g = 8436 - 5467. List the prime factors of g.
2969
Let i be 1335 + 5/5 - 1. What are the prime factors of (-1 - 0)/((-5)/i